{"id":63,"date":"2014-08-06T14:21:26","date_gmt":"2014-08-06T14:21:26","guid":{"rendered":"https:\/\/slotracing-bamberg.de\/?page_id=63"},"modified":"2017-04-06T16:35:17","modified_gmt":"2017-04-06T14:35:17","slug":"anfahrtsplan","status":"publish","type":"page","link":"https:\/\/slotracing-bamberg.de\/?page_id=63","title":{"rendered":"Anfahrtsplan"},"content":{"rendered":"<p><iframe loading=\"lazy\" style=\"border: 0;\" src=\"https:\/\/www.google.com\/maps\/embed?pb=!1m14!1m8!1m3!1d2568.157281959624!2d10.8158!3d49.933389999999996!3m2!1i1024!2i768!4f13.1!3m3!1m2!1s0x47a23b788735c151%3A0xd5da8f6953d2d6e0!2sSandhofer+Stra%C3%9Fe+6%2C+96173+Oberhaid%2C+Deutschland!5e0!3m2!1sde!2sat!4v1407418232837\" width=\"700\" height=\"240\" frameborder=\"0\"><br \/>\n<\/iframe><\/p>\n<p>Anfahrt mit dem PKW<br \/>\nAusfahrt Bamberg\/Hallstatt<br \/>\nrechts Richtung Hallstatt, in Ortsmitte an der Ampel links Richtung Oberhaid\/Staffelbach,<br \/>\nder Stra\u00dfe etwa 4,5 Kilometer folgen, in der Ortsmitte von Oberhaid an der Kirche rechts Richtung Appendorf\/Sandhof, Vereinslokal nach etwa 100 m auf der rechten Seite,<\/p>\n<p>bzw.<\/p>\n<p>Ausfahrt Viereth\/Oberhaid<br \/>\nrechts Richtung Unterhaid\/Oberhaid, am Kreisverkehr 2. Abfahrt nach Unterhaid, der Stra\u00dfe bis Ortsmitte Oberhaid folgen, in der Ortsmitte von Oberhaid an der Kirche links Richtung Appendorf\/Sandhof, Vereinslokal nach etwa 100 m auf der rechten Seite,<\/p>\n<p>Parkpl\u00e4tze in der weiteren Umgebung<\/p>\n<p>Die Parkpl\u00e4tze unmittelbar vor und neben unserem Bahnraum d\u00fcrfen <strong>NICHT<\/strong> genutzt werden. Bitte parkt Euer Fahrzeug im weiteren Umfeld. M\u00f6glichkeiten gibt es im Ansp\u00e4nnlein und dem Dr.-Hau-Platz (N\u00e4he Sparkasse und Benedikts Stube). Etwas weiter in der Schweinfurter oder Bamberger Str. sind gen\u00fcgend M\u00f6glichkeiten vorhanden.<br \/>\nIch danke f\u00fcr Euer Verst\u00e4ndnis!<\/p>\n<p>\u00d6ffentliche Verkehrsmittel<\/p>\n<p>Das Vereinslokal liegt etwa 600 m vom Bahnhof Oberhaid entfernt und ist in 10 Gehminuten einfach zu erreichen.<\/p>\n<p>Buslinie 952 von Bamberg, Haltestelle Dr. Hau-Platz, 1 Gehminute zum Vereinslokal (in Sichtweite)<\/p>\n","protected":false},"excerpt":{"rendered":"<p>Anfahrt mit dem PKW Ausfahrt Bamberg\/Hallstatt rechts Richtung Hallstatt, in Ortsmitte an der Ampel links Richtung Oberhaid\/Staffelbach, der Stra\u00dfe etwa 4,5 Kilometer folgen, in der Ortsmitte von Oberhaid an der<\/p>\n<p><a href=\"https:\/\/slotracing-bamberg.de\/?page_id=63\" class=\"more-link themebutton\">Read More<\/a><\/p>\n","protected":false},"author":1,"featured_media":0,"parent":0,"menu_order":0,"comment_status":"closed","ping_status":"closed","template":"","meta":{"footnotes":""},"class_list":["post-63","page","type-page","status-publish","hentry"],"_links":{"self":[{"href":"https:\/\/slotracing-bamberg.de\/index.php?rest_route=\/wp\/v2\/pages\/63","targetHints":{"allow":["GET"]}}],"collection":[{"href":"https:\/\/slotracing-bamberg.de\/index.php?rest_route=\/wp\/v2\/pages"}],"about":[{"href":"https:\/\/slotracing-bamberg.de\/index.php?rest_route=\/wp\/v2\/types\/page"}],"author":[{"embeddable":true,"href":"https:\/\/slotracing-bamberg.de\/index.php?rest_route=\/wp\/v2\/users\/1"}],"replies":[{"embeddable":true,"href":"https:\/\/slotracing-bamberg.de\/index.php?rest_route=%2Fwp%2Fv2%2Fcomments&post=63"}],"version-history":[{"count":6,"href":"https:\/\/slotracing-bamberg.de\/index.php?rest_route=\/wp\/v2\/pages\/63\/revisions"}],"predecessor-version":[{"id":1189,"href":"https:\/\/slotracing-bamberg.de\/index.php?rest_route=\/wp\/v2\/pages\/63\/revisions\/1189"}],"wp:attachment":[{"href":"https:\/\/slotracing-bamberg.de\/index.php?rest_route=%2Fwp%2Fv2%2Fmedia&parent=63"}],"curies":[{"name":"wp","href":"https:\/\/api.w.org\/{rel}","templated":true}]}}