{"id":35,"date":"2014-07-22T19:39:02","date_gmt":"2014-07-22T19:39:02","guid":{"rendered":"https:\/\/slotracing-bamberg.de\/?page_id=35"},"modified":"2025-05-04T21:26:07","modified_gmt":"2025-05-04T19:26:07","slug":"der-verein","status":"publish","type":"page","link":"https:\/\/slotracing-bamberg.de\/?page_id=35","title":{"rendered":"Der Verein"},"content":{"rendered":"<p>Der Slot-Racing Bamberg e.V. wurde im Sommer 2013 gegr\u00fcndet. Er entstand aus einer Gruppe Enthusiasten, die sich seit den 90er Jahren treffen und auf verschiedenen Privatbahnen Einzelrennen und Rennserien durchf\u00fchrten.<\/p>\n<p>Mit der Anmietung der ehemaligen Fahrzeughalle der Freiwilligen Feuerwehr Oberhaid bot sich die Gelegenheit eine Clubbahn zu errichten.<\/p>\n<p>Wir fahren sowohl im Ma\u00dfstab 1\/32 als auch 1\/24 in unterschiedlichen Fahrzeugklassen und Perioden. Wer mal kostenlos reinschnuppern will, kann das am Clubabend (siehe Rennkalender), freitags ab 19.00h in unserem Vereinslokal, jedoch nur nach vorheriger Vereinbarung, da wir auch manchmal faul auf dem Sofa liegen bleiben.<\/p>\n<p>Hier kann wirklich jeder, vom Anf\u00e4nger bis zum Experten, in entspannter Atmosph\u00e4re fachsimpeln und zwanglos fahren oder auch nur auf ein Bierchen vorbei schauen.<\/p>\n<p>G\u00e4ste und Interessenten sind gern gesehen und immer herzlich willkommen.<\/p>\n<p>F\u00fcr Gastfahrer wird bei Teilnahme pro Clubrennen eine Startgeb\u00fchr von \u20ac 10,- erhoben., separate Trainingsabende kosten \u20ac 5,-<br \/>\nF\u00fcr Vereinsmitglieder sind die Kosten f\u00fcr Veranstaltungen mit dem Mitgliedsbeitrag abgedeckt.<br \/>\nF\u00fcr externe Rennveranstaltungen, bei welchen das Vereinslokal nur Austragungsort darstellt, k\u00f6nnen abweichende, vom Rennveranstalter festgelegte Startgelder erhoben werden.<\/p>\n<p>F\u00fcr Gastfahrer sind die ersten beiden Abende kostenlos.<\/p>\n<p>Die Startgelder werden f\u00fcr den Verein genutzt. Dadurch wird die Miete und Versicherung jedes Fahrers abgedeckt.<\/p>\n<p>Monatsbeitrag:<br \/>\neinfache Mitgliedschaft\/Erwachsener 20,00 \u20ac<br \/>\n1 Kind bis 18J. frei<\/p>\n<p>Dem Mitglied steht die Bahn zu den \u00d6ffnungszeiten und allen Veranstaltungen des Vereins zur Verf\u00fcgung.<\/p>\n<p>Vollmitgliedschaft\/Partnermitgliedschaft 40,00 \u20ac<br \/>\n1 Erwachsener + PartnerIn<\/p>\n<p>Nach 3-monatiger einfacher Mitgliedschaft besteht die M\u00f6glichkeit der Vollmitgliedschaft. Dem Mitglied wird ein Schl\u00fcssel f\u00fcr das Vereinslokal gegen Kaution von \u20ac 5,- ausgeh\u00e4ndigt. Somit steht dem Mitglied die Bahn jederzeit zur Verf\u00fcgung.<\/p>\n<p>Jugendliche\/Studenten 15,00 \u20ac<br \/>\nMindestalter 12 Jahre, bis zur Vollendung des 18. Lebensjahres bzw. bis zur Erwerbst\u00e4tigkeit.<\/p>\n<p>Dem Mitglied steht die Bahn zu den \u00d6ffnungszeiten und allen Veranstaltungen des Vereins zur Verf\u00fcgung.<\/p>\n<p><a href=\"https:\/\/slotracing-bamberg.de\/wp-content\/uploads\/SRB-Satzung.pdf\">SRB-Satzung<\/a><br \/>\n<a href=\"https:\/\/slotracing-bamberg.de\/wp-content\/uploads\/2014\/07\/Mitgliedsantrag_2018.pdf\">Mitgliedsantrag<\/a><\/p>\n","protected":false},"excerpt":{"rendered":"<p>Der Slot-Racing Bamberg e.V. wurde im Sommer 2013 gegr\u00fcndet. Er entstand aus einer Gruppe Enthusiasten, die sich seit den 90er Jahren treffen und auf verschiedenen Privatbahnen Einzelrennen und Rennserien durchf\u00fchrten.<\/p>\n<p><a href=\"https:\/\/slotracing-bamberg.de\/?page_id=35\" class=\"more-link themebutton\">Read More<\/a><\/p>\n","protected":false},"author":1,"featured_media":0,"parent":0,"menu_order":0,"comment_status":"closed","ping_status":"closed","template":"","meta":{"footnotes":""},"class_list":["post-35","page","type-page","status-publish","hentry"],"_links":{"self":[{"href":"https:\/\/slotracing-bamberg.de\/index.php?rest_route=\/wp\/v2\/pages\/35","targetHints":{"allow":["GET"]}}],"collection":[{"href":"https:\/\/slotracing-bamberg.de\/index.php?rest_route=\/wp\/v2\/pages"}],"about":[{"href":"https:\/\/slotracing-bamberg.de\/index.php?rest_route=\/wp\/v2\/types\/page"}],"author":[{"embeddable":true,"href":"https:\/\/slotracing-bamberg.de\/index.php?rest_route=\/wp\/v2\/users\/1"}],"replies":[{"embeddable":true,"href":"https:\/\/slotracing-bamberg.de\/index.php?rest_route=%2Fwp%2Fv2%2Fcomments&post=35"}],"version-history":[{"count":14,"href":"https:\/\/slotracing-bamberg.de\/index.php?rest_route=\/wp\/v2\/pages\/35\/revisions"}],"predecessor-version":[{"id":2142,"href":"https:\/\/slotracing-bamberg.de\/index.php?rest_route=\/wp\/v2\/pages\/35\/revisions\/2142"}],"wp:attachment":[{"href":"https:\/\/slotracing-bamberg.de\/index.php?rest_route=%2Fwp%2Fv2%2Fmedia&parent=35"}],"curies":[{"name":"wp","href":"https:\/\/api.w.org\/{rel}","templated":true}]}}